{"id":4875,"date":"2023-08-12T08:33:32","date_gmt":"2023-08-12T08:33:32","guid":{"rendered":"https:\/\/kirmizielma.com\/?post_type=product&#038;p=4875"},"modified":"2023-08-12T08:33:32","modified_gmt":"2023-08-12T08:33:32","slug":"rdot8-noktalama-markoru","status":"publish","type":"product","link":"https:\/\/kirmizielma.com\/?product=rdot8-noktalama-markoru","title":{"rendered":"RDOT8 Noktalama Mark\u00f6r\u00fc"},"content":{"rendered":"<p>8 Renk  Noktalama  Mark\u00f6r\u00fc  ve Aktivayon Sayfalar\u0131  PP  \u00c7antada<\/p>\n","protected":false},"excerpt":{"rendered":"<p>8 Renk Noktalama Mark\u00f6r\u00fc ve Aktivayon Sayfalar\u0131 PP \u00c7antada<\/p>\n","protected":false},"featured_media":4876,"template":"","meta":{"jetpack_publicize_message":"","jetpack_publicize_feature_enabled":true,"jetpack_social_post_already_shared":false,"jetpack_social_options":{"image_generator_settings":{"template":"highway","default_image_id":0,"font":"","enabled":false},"version":2}},"product_cat":[212],"product_tag":[],"class_list":{"0":"post-4875","1":"product","2":"type-product","3":"status-publish","4":"has-post-thumbnail","6":"product_cat-noktalama-bingo-dot-marker","8":"first","9":"instock","10":"shipping-taxable","11":"product-type-simple"},"jetpack_publicize_connections":[],"jetpack_sharing_enabled":true,"_links":{"self":[{"href":"https:\/\/kirmizielma.com\/index.php?rest_route=\/wp\/v2\/product\/4875","targetHints":{"allow":["GET"]}}],"collection":[{"href":"https:\/\/kirmizielma.com\/index.php?rest_route=\/wp\/v2\/product"}],"about":[{"href":"https:\/\/kirmizielma.com\/index.php?rest_route=\/wp\/v2\/types\/product"}],"wp:featuredmedia":[{"embeddable":true,"href":"https:\/\/kirmizielma.com\/index.php?rest_route=\/wp\/v2\/media\/4876"}],"wp:attachment":[{"href":"https:\/\/kirmizielma.com\/index.php?rest_route=%2Fwp%2Fv2%2Fmedia&parent=4875"}],"wp:term":[{"taxonomy":"product_cat","embeddable":true,"href":"https:\/\/kirmizielma.com\/index.php?rest_route=%2Fwp%2Fv2%2Fproduct_cat&post=4875"},{"taxonomy":"product_tag","embeddable":true,"href":"https:\/\/kirmizielma.com\/index.php?rest_route=%2Fwp%2Fv2%2Fproduct_tag&post=4875"}],"curies":[{"name":"wp","href":"https:\/\/api.w.org\/{rel}","templated":true}]}}